- 2*q - 36 = 0, -5*j + 2*q - 45 = -2*q. Let a be z(j). Calculate the greatest common divisor of 48 and a.
6
Suppose -1114 = -2*p + 4*x, 5*x = -3*p - 0*x + 1638. What is the greatest common divisor of p and 29?
29
Let y be ((-146)/65 + 280/(-1820))*(-110)/6. Suppose -73 = -4*j - 29. Calculate the highest common divisor of j and y.
11
Suppose -3*p = -4*q - 28, -91 = -4*p - 12*q - 19. Let r = -68 - 66. Let k = r + 266. Calculate the highest common divisor of p and k.
12
Let h(g) = g**3 - 19*g**2 - 10*g - 2. Let u be h(20). What is the highest common factor of 18 and u?
18
Let g = -100 + 233. Suppose -3*w + 62 = -2*q, g - 50 = 4*w - 3*q. Calculate the greatest common factor of w and 140.
20
Let h be ((5 - 6)/(1/(-2)))/2. Let f be 55/22*h/2*4. What is the highest common divisor of f and 65?
5
Let s be -27*(14/63)/((-2)/12). What is the highest common divisor of 27 and s?
9
Let m = -171 - -381. Let o be ((-2)/(-2))/((-1)/(-33)). Let a be o - (-2 + 4) - 1. What is the greatest common factor of m and a?
30
Let b(n) = -n**3 + 7*n**2 + 8*n + 8. Let o be b(8). Calculate the highest common factor of 32 and o.
8
Let q = 27 + -16. Suppose -5*d + 874 = 244. Suppose o = -5*p + 144 + d, -3*p = o - 160. What is the highest common divisor of p and q?
11
Let p = 35 + -44. Let m be (3/(p/2))/(2/(-15)). What is the greatest common factor of 40 and m?
5
Let x = -9 + 17. Suppose 40 = 2*h - 136. What is the highest common factor of h and x?
8
Let j be (-10)/(5 + -1 - (-3618)/(-891)). Let k be (-15)/(-60) - 263/(-4). Calculate the highest common factor of j and k.
33
Let o be (-25)/(((-37)/(-222))/((-2)/12)). What is the highest common divisor of 1300 and o?
25
Let s(h) = h**3 - 4*h**2 - h - 1. Let u be s(5). Let v(q) = 79*q - 2272. Let l be v(29). Calculate the greatest common divisor of u and l.
19
Suppose -2 = -2*y - 2*l, 4*y + 5*l = 6*y - 30. Let m(j) = 2*j**2 - j - 3. Let x be m(y). What is the highest common divisor of 14 and x?
14
Suppose -5*v + 1038 = -12. Suppose -5*j + v + 140 = 0. Suppose 33 + 17 = 5*h. What is the highest common factor of h and j?
10
Let l(h) = h**3 + 9*h**2 - 11*h + 5. Let c be l(-10). Let j be (5/c - 1)*10*-9. Suppose -2*b - 72 = -5*b. What is the highest common divisor of b and j?
12
Suppose 2044 - 2009 = z. Let x = 524 + -279. Calculate the greatest common factor of x and z.
35
Let c be (1 - (-1 + -1)) + 0. Let v(w) = -2*w + 7. Let l be v(c). Let s be 22 - (-1 - 0/l). What is the greatest common divisor of 23 and s?
23
Let y = 5 + -10. Let k be (-1 + -1)*(-2 + y). Let i be (-49)/k*4/(-7). What is the greatest common divisor of 4 and i?
2
Suppose 12*z + 10*z - 11132 = 0. Calculate the greatest common divisor of 11 and z.
11
Let s(w) = 2*w**3 + 1. Let i be s(-1). Let a be i/(52/(-17) - -3). Calculate the highest common divisor of a and 187.
17
Let p(a) = -3*a + 686. Let q be p(0). Calculate the highest common factor of q and 196.
98
Suppose 6*y + 44 = 116. Let i be (-16)/y*(-6)/4. Calculate the greatest common factor of 3 and i.
1
Suppose -4*u = -3*c - 11, -u - 4*c + 7 = -9*c. Let b(y) = 2*y - y + u + 9. Let k be b(-10). Calculate the greatest common factor of k and 5.
1
Let x = 0 + -26. Let i = x + 26. Let h be (i - 4)/4*-17. What is the highest common factor of h and 17?
17
Let m = 860 + 364. What is the highest common divisor of m and 144?
72
Suppose -15*v = -14*v. Suppose 0 = 5*b - 5*f - 20, -10 = -v*f + 5*f. Suppose -b*g + 50 = 3*g. Calculate the highest common divisor of g and 20.
10
Suppose -3 - 9 = -2*g. Suppose g = 28*h - 27*h. What is the greatest common divisor of h and 3?
3
Suppose -5*l = 5*x - 270, 8*l - 6*l - 100 = 2*x. Calculate the highest common divisor of 130 and l.
26
Let l = 152 + -83. Suppose y + 19 + l = 0. Let t be -2 - -2 - y/4. Calculate the highest common divisor of 22 and t.
22
Let n = 1505 + -1433. Let j(r) = -91*r**3 - r**2 + r + 1. Let f be j(-1). What is the highest common divisor of n and f?
18
Suppose 3*j - 161 = 259. Suppose -5*z + j = -120. Calculate the highest common factor of 26 and z.
26
Suppose 2*j = -11*j + 39. Suppose i - 4*i = j*m - 51, 84 = 4*m - 4*i. What is the highest common divisor of m and 76?
19
Let p be 1/((-5)/(-1 - 519)). Calculate the highest common divisor of 117 and p.
13
Let s(f) = 3*f - 12. Let u be 108/16 - 1/(-4). Let r be s(u). Let o(d) = -d**3 + 9*d**2 - 5*d - 6. Let w be o(6). What is the highest common divisor of w and r?
9
Let b be (1/1)/(11/99). Let u be 0/(-1) - (-405)/b. Calculate the highest common factor of 30 and u.
15
Suppose -4*v = 12, 2*s - 7*v + 8*v - 317 = 0. Calculate the greatest common divisor of s and 880.
80
Let l = -11 + 19. Suppose 3*w + l = -4*j, -19 - 2 = -5*j + 4*w. Let c be (-6)/(-24) - 7/(-4). What is the greatest common factor of j and c?
1
Let r(g) = 3*g**2 + 2*g + 9. Let j be r(3). What is the greatest common divisor of 12 and j?
6
Let d = -46 + 51. Let l be (3 - -13) + (d - 10). Calculate the greatest common divisor of l and 55.
11
Suppose -86*m = -77*m - 774. Calculate the greatest common factor of m and 430.
86
Let q(r) = -3*r**2 - 5*r + 2. Let y(p) = p. Let j(b) = -q(b) + 3*y(b). Let i be j(-4). What is the greatest common divisor of 35 and i?
7
Let u(v) = 14*v**3 - 4 - 5 + 2*v**2 + 0 + 8. Let i be u(1). Suppose 4*n = -20, 0 = 4*c + 2*n - 25 - 25. What is the highest common factor of i and c?
15
Suppose -2*x = -9 - 17. Let t = x - 9. Suppose t*q = 4*w + 124, -w + 0*w = 4*q - 109. Calculate the highest common divisor of q and 7.
7
Let c be (0 - 1) + -34*21/(-14). Calculate the highest common divisor of c and 550.
50
Suppose -r - 5*v - 13 = -v, 2*v + 1 = 5*r. Let y be (r/(-2))/(11/396). Let q be 1/3*1*y. What is the greatest common divisor of q and 6?
6
Let c be 0*(-3)/(-9) + 2. Suppose -5*s + 14 = -c*g, -5*g = -g - 4*s + 4. Calculate the highest common factor of 33 and g.
3
Let v(l) = 7*l - 5. Let t(j) = 3*j + 2. Let o be t(3). Let m be v(o). Suppose 13*r + z = 17*r - 72, 0 = 4*z. What is the greatest common factor of m and r?
18
Let j = 411 + -334. Calculate the greatest common divisor of 112 and j.
7
Let u be ((5 + -2)*-1)/(-1). Let q be 0/((-4)/4) + u. What is the greatest common divisor of q and 48?
3
Let o(v) = -9*v + 1. Let r be o(-2). Let q(w) = -94*w + 1. Let y = 4 + -5. Let a be q(y). What is the highest common factor of a and r?
19
Let m = 15 + -13. Let x be (-29)/(4/m + -3). What is the greatest common factor of 203 and x?
29
Suppose 2*g = 4 + 10. Let a = 31 + g. Calculate the highest common divisor of 342 and a.
38
Let c be (-6)/9*20/40*-33. Let y(p) = 2*p**3 - 3*p**2 + 6*p - 5. Let m be y(4). Calculate the highest common factor of m and c.
11
Let s = 429 - 45. Calculate the greatest common factor of 6 and s.
6
Let d be 36/(-270) - (-4502)/15. What is the highest common factor of d and 24?
12
Let s(c) = c**3 + 8*c**2 + 6. Let l be s(-8). Suppose -5*r - 76 - 44 = 0. Let d = -21 - r. Calculate the greatest common factor of l and d.
3
Let i = -21 + 23. Suppose b + b + 2*w = 110, 4*b + i*w - 222 = 0. What is the greatest common factor of b and 7?
7
Let n(h) = -4*h**2 - 23*h - 74. Let i(d) = -d**2 + 1. Let q(t) = 5*i(t) - n(t). Let x be q(24). Calculate the greatest common factor of x and 5.
5
Let p = 35 - 33. Let a = -4 - -5. Let b be 4 + -3 + a + 0. What is the highest common factor of p and b?
2
Suppose 0 = 34*j - 1722 - 828. Suppose -2*r + 3*f + 45 = 0, -5*f - 98 = -4*r - 13. Calculate the highest common factor of r and j.
15
Let a(d) = -34*d**3 - 2*d**2 - 4. Let k be a(-2). Calculate the highest common factor of 78 and k.
26
Let n(t) = -t**2 + 41*t + 224. Let p be n(45). What is the highest common factor of 638 and p?
22
Suppose 3*d + 19 = 634. Let s = d - -26. Calculate the highest common divisor of 33 and s.
33
Let i(n) be the first derivative of n**4/4 + 10*n**3/3 - 3*n**2/2 + 2*n - 22. Let q be i(-10). Calculate the highest common factor of q and 8.
8
Let h be 29 - 4 - (-1)/(-1). Suppose -3*p = 3*k - h, -1 = -2*k + 2*p + 7. What is the greatest common factor of 3 and k?
3
Suppose -335 = -15*w + 2095. Calculate the highest common divisor of w and 18.
18
Let t(j) = -84*j + 985. Let w be t(-10). Calculate the greatest common factor of 73 and w.
73
Let n be (-162)/(-4)*(-2)/(-3). Suppose 2*f = 83 + n. Calculate the highest common